 = 36*a - 52. Calculate the highest common divisor of 1 and a.
1
Let v = -1 - -6. Suppose -v*g = -2*l - 287, -2*g + 62 = 2*l - 64. Let b = g - 35. What is the highest common factor of b and 6?
6
Suppose 0 = 7*u - 79 + 2. Suppose -u*q - 16 = -15*q. Suppose 6*f = 4*f + 88. Calculate the greatest common divisor of f and q.
4
Suppose -12*r + 70 = -182. What is the greatest common divisor of r and 21?
21
Let l be 4 - (-4 + 2) - -96. What is the highest common factor of l and 48?
6
Let z = 8 - 8. Suppose z = p + p + 1386. Let y be p/(-28) + 6/(-8). Calculate the highest common divisor of y and 8.
8
Suppose 1730 = 5*z + 5*n, 101 = -z + n + 443. What is the highest common divisor of 86 and z?
86
Let p(u) = -u**3 + 14*u**2 + 3*u - 9. Let y be p(14). Suppose 5*l - 3*l = -4*a + 138, -18 = -a + 5*l. What is the highest common factor of y and a?
33
Let g be ((-42)/35 - -2) + 1764/45. What is the greatest common factor of 35 and g?
5
Let h(y) = -7*y**3 - 3*y**2 - 5*y - 9. Let l be h(-3). Suppose 56 = -4*f + l. What is the greatest common factor of 112 and f?
28
Let y = 1761 - 1482. Calculate the highest common divisor of 63 and y.
9
Let n(p) = -3*p**2 + 27*p + 12. Let f be n(5). What is the highest common divisor of 288 and f?
72
Let s = 25 + -16. Let o(u) = 6*u + 3. Let d = -19 + 23. Let y be o(d). What is the greatest common factor of y and s?
9
Let n = -34 - -24. Let d(u) = -u**3 - 10*u**2 - 3*u - 10. Let w be d(n). Calculate the greatest common factor of w and 140.
20
Suppose 0 = s - 4*s + 60. Suppose -195*k - 4032 - 408 = -491*k. What is the greatest common factor of s and k?
5
Suppose 2*o = 4*o - 460. Suppose -o = 3*c - 8*c. Suppose 4*g = 2 + c. Calculate the highest common factor of 3 and g.
3
Suppose -p - 85 = -5*a - 2*p, 0 = -4*p + 20. Suppose -3*d + 4*o = 0, o = -d - 3*o + 16. What is the highest common factor of d and a?
4
Let h be (3 - (-6 + 3))*2. Suppose 3 = -y + 3*d - 3, d = 5*y - h. Suppose -3 = y*z, -4*k - 13 + 61 = 4*z. Calculate the highest common factor of 91 and k.
13
Let h = 68912 + -68890. Let s be (0 + (-194)/6)*-9. Let w = -115 + s. What is the highest common factor of h and w?
22
Let i = 25 - 15. Let x(d) = -d**2 - 9*d + 170. Let y be x(-15). Calculate the greatest common divisor of y and i.
10
Let s(i) = 17*i**2 + 8*i - 65. Let y be s(13). What is the highest common divisor of y and 13?
13
Suppose -2*u + 146 = -212. Let d = -125 + u. Suppose -p - 2*p + 18 = 0. Calculate the greatest common factor of p and d.
6
Suppose -3*u = -3*d + 1527, d + u + 1014 = 3*d. Suppose -5*t = 55 - d. What is the greatest common factor of t and 36?
18
Suppose -2*h = -5*y + 400, 125 + 35 = 2*y + 4*h. Let q = y - 48. Calculate the greatest common factor of q and 48.
16
Let h(p) = -2*p - 6. Let v be h(-7). Let m be 7 + (-13)/5 + (-36)/90. Calculate the greatest common factor of v and m.
4
Let f be -3*((-190)/60)/((-1)/(-2)). What is the greatest common factor of 19 and f?
19
Let n(o) = -140*o**2 + 2*o + 2. Let r be n(-1). Let m be 86/6 - r/(-105). What is the greatest common factor of m and 130?
13
Let p(n) = n**2 - 16*n - 41. Let z be p(19). What is the greatest common divisor of z and 464?
16
Let m be (0 - -28)*(-2 + 6). Suppose 4*f - 104 = m. Calculate the greatest common factor of 6 and f.
6
Let i be 4*78/48 - (-3)/(-6). Suppose d - 10 = -k, -5*k - 1 = -i. What is the highest common factor of 117 and d?
9
Let j(n) = 6*n - 4. Let y be j(3). Suppose -30 = -2*p - p + 5*w, p - 3*w = y. Let z = 8 + p. Calculate the greatest common divisor of 65 and z.
13
Let j = 20 - 9. Let t = 3 - -1. Suppose 25 = m + t*q, q = 5*q + 8. What is the highest common divisor of m and j?
11
Let l(n) = n - 1. Let p(r) = -r**2 - 20*r. Let x(h) = 3*l(h) + p(h). Let g be x(-15). Calculate the greatest common divisor of 9 and g.
9
Suppose 3*f = 4*p + 3, -4 = -3*f - f. Let i(o) = 0*o**3 - 2 - o**3 + p + o**2 + 4*o + 2*o**3. Let r be i(5). What is the highest common factor of r and 21?
21
Let o be (4/(-10))/(4/40). Let u(b) = -b**2 - 4*b + 4. Let i be u(o). Calculate the greatest common divisor of 16 and i.
4
Suppose -13*t + 86 = 8. Let j = -4 - -8. Suppose -j*p - 60 = -6*p. Calculate the highest common divisor of t and p.
6
Let v(x) = -x**3 + 16*x**2 + 7*x + 28. Let s be v(16). What is the greatest common divisor of s and 630?
70
Suppose -396 = -17*x - 5*x. Calculate the highest common factor of x and 72.
18
Suppose 0 = 2*z - 5 + 27. Let i = -9 - z. Calculate the greatest common factor of 18 and i.
2
Let w(q) = -q**2 - 51*q + 1. Let t be w(-47). Calculate the highest common factor of t and 84.
21
Let s be 26/16 - (-12)/(-160)*-5. Let n = 3 + -4. Let f be 0/1 - -3 - n. Calculate the highest common factor of s and f.
2
Suppose -l + 5 = j - 0, -l + 5 = -2*j. Suppose -2*q + 0*i = l*i - 198, -3*i = -3*q + 297. What is the highest common factor of q and 9?
9
Suppose 5*l + 0*l + 409 = 4*w, 5*l - 359 = -4*w. Calculate the greatest common divisor of w and 6.
6
Let b be (-7 - -4 - 4)*1. Let g(o) = -o**3 - 8*o**2 - 7*o. Let q be g(b). Let n be (q + 273)*1/3. What is the highest common divisor of n and 13?
13
Suppose -c - 140 = -6*c. Calculate the highest common factor of 28 and c.
28
Let s(y) = y + 6. Let g be s(-3). Suppose 0 = b + k - 9, g*k = -b + k + 6. Suppose 4*f = 13 + 3. Calculate the greatest common factor of f and b.
4
Suppose 6*g = g + 25, 0 = y - 5*g + 27. Let x be (y - 4)*(3 + -4). Suppose 168 = l + 3*l. Calculate the highest common divisor of x and l.
6
Let m(l) = -11*l + 85. Let k be m(5). What is the greatest common divisor of k and 240?
30
Let s = -911 - -999. What is the highest common factor of 352 and s?
88
Suppose 223 = 5*s + 3*b, 0*s - 5*s - b = -221. Let w(t) = 5*t**2 + 5*t + 4. Let x be 3/9*-9*1/3. Let d be w(x). What is the greatest common factor of d and s?
4
Let r be (-4)/(-34) + 31755/2465. What is the greatest common factor of r and 910?
13
Suppose -5*s - 13 = 302. Let c be 1/(-2) - s/18. Suppose 2*v - c*v = -40. Calculate the highest common divisor of v and 8.
8
Let a be 166/(-14) - (-10)/(-70). Let x = a + 4. Let k(b) = -b - 1. Let w be k(x). What is the highest common divisor of 14 and w?
7
Suppose 9*t - 40 = -t. What is the highest common factor of t and 23?
1
Let q(o) be the third derivative of -o**5/60 - 7*o**4/12 - 29*o**3/6 + 31*o**2. Let i be q(-9). What is the greatest common divisor of i and 112?
16
Let q be (-45 - -41)/(1/(-13)). What is the highest common divisor of q and 676?
52
Suppose u - 139 = 3*v, -6*u + 9*u = -v + 467. What is the greatest common divisor of u and 22?
22
Let a = 7 + -27. Let n = 5 - a. Let g = 69 + -44. What is the greatest common divisor of g and n?
25
Let s = -15 - -31. Let b be ((-150)/100)/(1/((-20)/(-3))). Let j(l) = 2*l**2 + 20*l + 4. Let p be j(b). Calculate the greatest common divisor of s and p.
4
Let a = -180 - -188. Calculate the greatest common factor of 2 and a.
2
Let c = -1559 + 1659. What is the greatest common factor of c and 12?
4
Suppose 2*t = 85 + 3. Suppose -6 = -3*g, d + 3*g + 13 = 85. What is the highest common factor of d and t?
22
Let z(a) = 7*a**2 - 23*a - 201. Let j be z(-6). What is the greatest common factor of 105 and j?
21
Let q = 332 - 251. Suppose 4*n + 26 = 242. Calculate the highest common factor of q and n.
27
Suppose 28*j - 30*j + 26 = 0. What is the greatest common factor of 26 and j?
13
Let f = -31 - -36. Let h be 14/14*-1*f. Let w = 83 - h. What is the greatest common divisor of 8 and w?
8
Let q = -25 - -29. Let l(o) = -o**3 - 1 + o + 3 - q + 1 + 14*o**2. Let c be l(14). What is the highest common factor of 13 and c?
13
Suppose -11*o + 232 = -10. What is the greatest common divisor of 154 and o?
22
Let w be (390/(-12) + 1)*4/(-6). Let t = -15 + w. What is the greatest common divisor of 48 and t?
6
Suppose -g - 4 = 0, 5*z = -g + 6*g + 30. Suppose -5*w - 2 = 5*r + 13, 8 = -5*w + z*r. Let s be (-4 - w)*(-3)/6. What is the highest common factor of s and 2?
1
Suppose -a + t + 44 = 2*t, 2*a - 5*t = 116. What is the greatest common divisor of a and 168?
24
Suppose -11 - 4 = 3*b. Let g(p) = p**3 + 4*p**2 - 9*p - 1. Let n be g(b). Calculate the highest common divisor of n and 152.
19
Suppose 0 = -v + 2*v - 5, 0 = f - 2*v + 13. Let h(q) = -2*q**3 + 2*q**2 + 2*q + 4. Let a be h(f). Calculate the gre